429 and 4459.
13
Calculate the greatest common divisor of 781 and 94927.
71
Calculate the greatest common factor of 690 and 594.
6
Calculate the greatest common factor of 505 and 395011.
101
Calculate the highest common divisor of 38 and 251731.
19
Calculate the highest common factor of 10970 and 1010.
10
Calculate the highest common divisor of 90 and 310260.
30
Calculate the highest common factor of 1608160 and 16.
16
What is the greatest common divisor of 658 and 1510439?
329
Calculate the greatest common divisor of 212 and 31853.
53
Calculate the highest common factor of 240 and 418416.
48
Calculate the greatest common factor of 902071 and 799.
799
What is the greatest common divisor of 44592 and 7776?
48
What is the highest common factor of 4214 and 14798?
98
What is the highest common factor of 3702 and 18?
6
Calculate the greatest common factor of 456 and 55404.
228
Calculate the greatest common factor of 468 and 47892.
156
Calculate the greatest common factor of 5220 and 400780.
580
What is the highest common divisor of 11000 and 34760?
440
Calculate the highest common divisor of 7135 and 35.
5
What is the greatest common divisor of 2340 and 131625?
585
Calculate the highest common divisor of 2688 and 723840.
384
Calculate the highest common factor of 190 and 40030.
10
Calculate the greatest common factor of 1075949 and 1094.
547
Calculate the highest common divisor of 190716 and 897.
69
What is the greatest common factor of 3 and 5495?
1
Calculate the highest common divisor of 3796 and 11899.
73
Calculate the highest common factor of 196658 and 52357.
1277
What is the greatest common factor of 98 and 12154842?
98
What is the highest common divisor of 4366 and 7316?
118
What is the greatest common factor of 155 and 211699?
31
Calculate the highest common divisor of 405 and 34305.
15
What is the highest common factor of 116655 and 22?
11
What is the greatest common divisor of 12136 and 73144?
328
Calculate the highest common factor of 1040 and 905190.
130
What is the highest common factor of 1246320 and 54?
54
What is the greatest common factor of 1440 and 10485?
45
What is the highest common factor of 87 and 856689?
87
Calculate the highest common factor of 136 and 602792.
8
What is the greatest common divisor of 558 and 33294?
186
What is the highest common divisor of 35950 and 15?
5
What is the greatest common divisor of 6943 and 393?
131
What is the greatest common factor of 1800 and 191880?
360
Calculate the highest common factor of 4136 and 5264.
376
Calculate the greatest common divisor of 16 and 294484.
4
What is the greatest common factor of 46886 and 18802?
238
Calculate the highest common divisor of 4087 and 488.
61
Calculate the greatest common factor of 458672 and 5260.
1052
What is the highest common divisor of 2560 and 2300?
20
What is the highest common factor of 9490 and 1742?
26
What is the greatest common factor of 4152 and 15144?
24
What is the greatest common divisor of 4645 and 55?
5
What is the greatest common factor of 455957 and 17?
17
What is the highest common divisor of 10573 and 1261?
97
What is the greatest common divisor of 240409 and 65?
13
Calculate the highest common divisor of 3 and 918855.
3
What is the highest common factor of 143887 and 19?
19
Calculate the greatest common divisor of 285 and 1845.
15
Calculate the highest common factor of 2634 and 150.
6
Calculate the highest common factor of 6 and 1934688.
6
Calculate the greatest common factor of 11155 and 115.
115
Calculate the greatest common factor of 280917 and 27027.
819
Calculate the greatest common divisor of 10263 and 1353.
33
Calculate the greatest common factor of 840 and 20265.
105
Calculate the greatest common factor of 10693 and 841602.
629
Calculate the highest common divisor of 8204 and 364.
28
Calculate the highest common divisor of 93879 and 162.
81
What is the greatest common divisor of 232294 and 190?
38
What is the highest common divisor of 236985 and 732?
183
Calculate the greatest common factor of 750 and 342250.
250
What is the highest common divisor of 92 and 547396?
4
What is the greatest common divisor of 148 and 402412?
148
What is the greatest common divisor of 3864 and 2968?
56
What is the highest common divisor of 283 and 1336326?
283
What is the greatest common factor of 119 and 55342?
7
Calculate the highest common divisor of 669 and 129.
3
Calculate the greatest common divisor of 10147 and 2641.
139
Calculate the greatest common factor of 1339312 and 208.
208
Calculate the greatest common divisor of 13143213 and 2529.
2529
What is the highest common divisor of 2275 and 1235?
65
Calculate the greatest common divisor of 2720276 and 104.
52
What is the highest common factor of 68 and 1262?
2
Calculate the highest common divisor of 52240 and 320.
80
Calculate the highest common factor of 3901705 and 235.
235
Calculate the highest common factor of 21 and 1812643.
7
Calculate the greatest common divisor of 73 and 1999543.
73
Calculate the highest common factor of 204 and 207128.
68
Calculate the greatest common divisor of 1638 and 1267.
7
What is the highest common divisor of 135803 and 556?
139
Calculate the greatest common factor of 52 and 18806.
2
What is the highest common factor of 6432 and 9?
3
Calculate the greatest common factor of 363 and 41987.
121
What is the highest common divisor of 30929 and 45901?
197
Calculate the greatest common factor of 41744 and 936631.
2609
What is the highest common divisor of 21376 and 27388?
668
Calculate the highest common divisor of 404 and 169276.
404
Calculate the highest common divisor of 46 and 120313.
23
Calculate the greatest common divisor of 226488 and 408.
24
Calculate the greatest common divisor of 234 and 365274.
234
What is the highest common divisor of 141 and 111813?
141
Calculate the greatest common divisor of 43420 and 5.
5
What is the highest common divisor of 74 and 34373?
37
Calculate the highest common factor of 16 and 22224.
16
What is the greatest common factor of 60 and 401460?
60
Calculate the highest common factor of 6403 and 19.
19
What is the highest common divisor of 182 and 24353?
7
Calculate the greatest common factor of 10 and 2317860.
10
What is the highest common factor of 5754412 and 678?
226
Calculate the greatest common divisor of 1045 and 27203.
11
Calculate the greatest common divisor of 12804 and 594.
66
What is the greatest common factor of 909 and 17473?
101
What is the highest common factor of 9944 and 5940?
44
What is the highest common divisor of 96 and 10968?
24
Calculate the highest common factor of 46989 and 1541.
23
What is the highest common factor of 92 and 81604?
92
Calculate the greatest common divisor of 33 and 345301.
11
What is the greatest common divisor of 110656 and 1482?
494
What is the greatest common factor of 4148 and 915?
61
Calculate the greatest common divisor of 491680 and 350.
70
What is the highest common divisor of 46990 and 6290?
370
What is the highest common factor of 60 and 37860?
60
Calculate the greatest common factor of 272 and 356932.
68
What is the greatest common factor of 1020 and 21760?
340
Calculate the highest common factor of 7021 and 102.
17
Calculate the greatest common divisor of 40480 and 53120.
160
What is the highest common divisor of 15 and 44436?
3
Calculate the greatest common divisor of 45658 and 41956.
1234
What is the highest common factor of 72 and 148272?
24
What is the highest common factor of 140 and 1164740?
20
Calculate the highest common factor of 870 and 113680.
290
What is the highest common factor of 2401 and 406?
7
What is the greatest common divisor of 3484 and 3015?
67
What is the greatest common divisor of 668108 and 84?
28
What is the greatest common factor of 819 and 4875?
39
What is the highest common factor of 4800 and 1650?
150
Calculate the highest common factor of 531 and 27.
9
Calculate the greatest common factor of 66892 and 35.
7
Calculate the greatest common factor of 95763 and 3288.
411
What is the greatest common factor of 6146 and 2240?
14
What is the highest common divisor of 83390 and 1736?
62
What is the highest common factor of 420 and 349580?
140
Calculate the greatest common factor of 8478 and 837.
27
Calculate the highest common factor of 59220 a